(w) = 7*w**2 - 152 + 149 + 2*w**3 + 2*w**3 - 6*w - 3*w**3. Determine n(-8).
-19
Let w(k) be the second derivative of -3*k**2 - 7/6*k**3 - 2*k + 0 + 1/12*k**4. Let v(a) = -a + 18. Let u be v(11). What is w(u)?
-6
Let x(g) be the second derivative of -g**4/12 - 11*g**3/6 - 13*g**2/2 - 2*g + 21. Determine x(-10).
-3
Let f(y) = -y**3 - y**2 - y + 1. Let v be 1*(-10)/(-4 + -1). Let b(a) = a - 5*a**2 - 4*a + 2*a**2 + a**3. Let i(n) = v*f(n) + b(n). Determine i(-4).
6
Let x(d) be the first derivative of d**5/40 + d**4/6 - 4*d**3/3 + d**2 - 38. Let f(q) be the third derivative of x(q). Suppose 5 + 11 = -4*t. Determine f(t).
-8
Suppose -3*f + 18 + 42 = 0. Let n = -13 + f. Let q(o) = o**2 - 7*o - 1. What is q(n)?
-1
Suppose 0 = -6*i - 5 + 17. Let s(k) = 5*k + 16*k**2 + 1 - 6 - 17*k**i + 1. Give s(4).
0
Let s(p) be the third derivative of p**5/60 - p**4/6 + p**3/2 - 139*p**2. What is s(4)?
3
Let t(f) = 7*f**3 + 12*f**2 - 9*f + 19. Let b(r) = 12*r**3 + 23*r**2 - 18*r + 37. Let j(l) = 3*b(l) - 5*t(l). What is j(-10)?
6
Let a(v) be the first derivative of -4/3*v**3 + 14 - 5*v + 3/2*v**2 - 1/4*v**4. What is a(-5)?
5
Suppose 0 = -6*j + 4*j + 8. Let h be (j - 2)*-1 + 0. Let k(l) = 4*l**2 - 2. Give k(h).
14
Let n(h) = h**3 + h**2 - h. Suppose 4*q - 1 = 4*s - s, -s = 4*q - 21. Let k(f) = -f + 17. Let y be k(14). Suppose q*c - y*c = 5*o, -2*o = -5*c. Give n(o).
0
Let a(f) = 3*f**2 + 1. Let u(z) = -7*z**2 - 10*z - 2. Let d(i) = 2*a(i) + u(i). Give d(-8).
16
Let f(c) = c**3 - c**2 - 5*c + 8. Let r(l) = -l - 13. Let v be r(-16). What is f(v)?
11
Suppose 3*x + 12*u - 17*u = -3, -28 = -4*x - 4*u. Let h(q) = -q**2 + 7*q - 6. Calculate h(x).
6
Let f(a) = -6 - 6 - a + 0 - 2 - 4. Determine f(-19).
1
Suppose 0 = 3*r - 0*r. Let x(d) = -2*d - 3 + r*d + d. Let y be x(-3). Let p(c) = c**2 + c + 10. Calculate p(y).
10
Let m(f) be the second derivative of -5*f**3/6 + 7*f**2/2 + 9*f. Let a(b) = -4*b + 6. Let q(i) = 6*a(i) - 5*m(i). What is q(2)?
3
Let v(b) be the first derivative of -b**3/3 + 11*b**2/2 + 9*b + 329. Determine v(13).
-17
Let o be (-6 - (-69)/9)/((-1)/3). Let n(j) = j**2 + 9*j + 20. Give n(o).
0
Let c(d) = -d**3 + 12*d**2 - 22*d - 46. Let w be c(9). Let q(n) = 17*n - 1. Calculate q(w).
-18
Let a = -43 + 49. Let m(y) = 0*y + 7*y - y**3 + y**2 - a*y + 1. Calculate m(0).
1
Let y be 0 + -1*(6 - 0). Let d(z) = 2*z + 4 + z**2 - 3*z - 3 + 0*z. Let t(l) = -l**3 - 3*l**2 + 4*l - 5. Let g(k) = 2*d(k) - t(k). Calculate g(y).
7
Let h(s) = -8*s + 25*s - 3*s + 7 - 8*s. Determine h(-5).
-23
Let d(g) = -g**3 - 4*g**2 - 13. Let m(w) = w**2 + w - 1. Let y(c) = d(c) - 3*m(c). Determine y(-7).
11
Let x be 1 + -2 - 8/(16/(-6)). Let r(v) = 4*v**3 - 2*v**2 + 2*v + 1. Give r(x).
29
Suppose 0 = -7*i + 4*i - 12, -4*i - 26 = -5*l. Suppose -l*q = -4, 7 = -r + 4*q - q. Let u(t) = 4*t - 1. Calculate u(r).
-5
Let y(w) be the second derivative of w**5/20 + w**3/3 - 5*w**2 + 178*w. Calculate y(0).
-10
Let x be 4 - ((-21)/(-14))/((-2)/60). Let j = x - 45. Let y(u) = -u**2 + 3*u. Determine y(j).
-4
Let i(d) = -1 + 4 + 96*d**2 - 97*d**2 + 5 + d. Determine i(8).
-48
Let n(z) = -2*z**3 + 13*z**2 + 2*z + 2. Let m(i) = -i**3 + 6*i**2 + i. Let r(s) = 5*m(s) - 2*n(s). Calculate r(5).
-24
Let c(q) = 3 - 2 - 4*q - 2*q**3 + 3*q**3 - 2*q**2. Let p(u) = u**3 - 19*u**2 - 36*u - 123. Let o be p(21). Give c(o).
-2
Let f be -5*((-130)/25 - -4). Let h(y) be the third derivative of -y**6/120 + y**5/12 + 7*y**4/24 - y**3/2 + 2*y**2. Determine h(f).
3
Let a be 1*-1 + 1 + -3 + -66. Let s = a + 69. Let x(j) be the second derivative of -j**3/6 + 9*j**2/2 + 2*j. Determine x(s).
9
Let u(d) = d. Suppose -12*t + 4*g = -9*t, 0 = -2*t - 5*g - 23. Calculate u(t).
-4
Let f(g) = -13*g + 49. Let p(x) = 3*x - 12. Suppose 20*c - 25*c = n - 34, 0 = 5*n + 5*c - 70. Let q(k) = n*p(k) + 2*f(k). Determine q(8).
-2
Let z(s) = s**2 + 3*s + 8. Let l(d) = 3*d**2 + 8*d + 23. Let g(q) = -3*l(q) + 8*z(q). Give g(0).
-5
Let c(q) = q**2 + q + 1. Let f(a) = -5*a**3 + 6*a**2 + 5*a + 6. Let z = 16 - 13. Suppose 4*i - 6 = z*i. Let b(s) = i*c(s) - f(s). Determine b(1).
6
Let d be -2*((-45)/24)/(15/(-36)). Let v(h) = -h**3 - 8*h**2 + 9*h - 4. Give v(d).
-4
Let k(y) be the third derivative of y**6/120 + y**5/30 - 5*y**4/24 + 11*y**3/6 - 274*y**2 + 2. Determine k(-5).
-39
Let f(s) = -s**3 - 5*s**2 + 26*s + 7. Let h be f(-8). Let r(y) = -y**2 - 7*y - 6. Calculate r(h).
-24
Let s(l) = -l + 6. Let z be 2*(4 - 3)*1. Suppose 0 = -z*b + b + 2. Suppose b*p = 6*p - 20. What is s(p)?
1
Let z = -13 + 16. Let o(k) = 4*k**3 + k**2 - k + 1. Let n(a) = -5*a**3 - a**2 + 2*a - 1. Let l(r) = 5*n(r) + 6*o(r). What is l(z)?
-5
Let q(s) = 0*s + s + 0*s. Suppose -9 - 3 = -2*j. Let h be ((j/5)/(-1))/((-8)/20). Calculate q(h).
3
Let r(q) = -q - 2. Suppose 0 = 89*w - 61*w + 196. Give r(w).
5
Suppose 4*j - b = -3, -j + 5*b - 6 = 3*b. Let o(m) = m + 16. Calculate o(j).
16
Suppose -11*g = -9*g + 4*b + 12, 28 = 4*g - 5*b. Let s(i) = 2*i**2 + 3*i**3 - 2 - 4*i**3 + 3*i - 3 + 2. Give s(g).
3
Let b(j) be the third derivative of -1/6*j**4 + 0*j + 0 - 10*j**2 - 1/60*j**5 - 1/6*j**3. Give b(-4).
-1
Let u be -3 - ((-14)/(-3))/((-6)/9). Let x(p) = 4 + 0 - u + 2*p. What is x(-2)?
-4
Let f(z) = -11*z**3 - 18*z**2 + 11*z - 18. Let p(t) = -3*t**3 - 6*t**2 + 4*t - 6. Let q(k) = -2*f(k) + 7*p(k). Give q(5).
-1
Let d(c) = 17*c + 50. Let i be d(-3). Let u(y) = 19*y**2 - y. Give u(i).
20
Let q(r) = r**2 + 1. Let m(g) = g**2 - 2*g - 16. Let w be m(0). Let h = 14 + w. What is q(h)?
5
Let i(l) = 2*l + 9. Let d be i(-11). Let o = d + 15. Let g(u) be the second derivative of -5*u**3/6 + 3*u**2/2 - 8*u. What is g(o)?
-7
Suppose -5*x - 129 = 13*b - 9*b, -4*b - 122 = -2*x. Let z(a) = 4*a + 120. Determine z(b).
-4
Suppose 4*f = -0*f + 12, 22 = 2*u + 4*f. Suppose u*v = -5 - 5. Let g(j) = 3*j + 3. What is g(v)?
-3
Let l(w) = -w**3 - 7*w**2 - 27*w - 78. Let j be l(-5). Let n(r) be the second derivative of j*r + 0 + 0*r**2 - 1/2*r**3. Give n(1).
-3
Let y(j) be the first derivative of -3*j - 1/2*j**2 - 12. Calculate y(0).
-3
Let v(l) = -10*l - 58. Let z be v(-6). Suppose -z*q + 4 = b, -5 = -4*b - 5*q + 8. Let r(d) = -3*d**2. Give r(b).
-12
Let n(j) be the first derivative of -j**4/4 - 2*j**3 - j**2/2 - 6*j + 53. Calculate n(-6).
0
Let n(w) = -w - 5. Let r = -18 + 4. Let h(f) = f**2 + f + 9. Let v be h(0). Let x = v + r. Determine n(x).
0
Suppose 0 = -3*p + 18 - 30. Let f(z) = 3*z + 3. Determine f(p).
-9
Let o(j) = -j**2 - 4*j - 3. Let i(c) be the first derivative of 3*c**2/2 + 8*c + 5. Let h be i(-5). Let g be 32/(-112) - (-12)/h. Determine o(g).
1
Let t be ((-3)/(18/(-21)))/((-9)/(-18)). Let x(k) = k - 1. What is x(t)?
6
Let y be (5 - (-6 + 8))/((-1)/(-3)). Let x(h) = -8*h + 68. Give x(y).
-4
Let d(i) be the third derivative of -i**4/8 - i**3/2 - i**2 + 2. Give d(-3).
6
Let r = 4 + 10. Let g(d) = d - 10 - 5 + 12*d**3 + r. Determine g(1).
12
Let q(u) = 1. Let c(p) = -p**2 - p - 3. Let h(m) = -c(m) - 6*q(m). Calculate h(-3).
3
Suppose 7 = -5*s + 17. Let x(z) = -z**3 + 7*z**2 + 3. Let d be x(7). Let f(v) = d - v**2 + 2*v**2 + 2 - 2 - 3*v. Calculate f(s).
1
Suppose 2*x = 5*b - 28, -5 = -b + 3*x - 2. Let v(i) = 2*i - 7. What is v(b)?
5
Let u(b) be the third derivative of b**7/1680 + b**6/240 + 11*b**5/20 + 6*b**2. Let h(a) be the third derivative of u(a). Calculate h(-5).
-12
Suppose -3 = -4*p + 1. Let w(u) = -3*u**3 - u**2 - 2*u + 2. Give w(p).
-4
Let y(s) = -2*s + 26. Suppose -5*g + 22 + 48 = 0. Let o be y(g). Let t(f) = f**2 + 2*f + 3. What is t(o)?
3
Suppose 50 = 4*o + p, 4*p - 61 = -5*o + 2*p. Let k(a) = a**3 - 16*a**2 - a. Let n be k(16). Let r = o + n. Let x(m) = -m**3 - 2*m**2 - 4. What is x(r)?
5
Let t(v) = -v**3 - v**2 + v + 2. Suppose 0 = -0*g + 2*g - 24. Let i = 8 - g. Let q = 4 + i. Determine t(q).
2
Suppose 4*w = -5*w + 9. Let d(t) = -4*t. Determine d(w).
-4
Let u(l) = -l - 5. Let x be 2/4*(-13 + 14)*14. Suppose j = x - 11. What is u(j)?
-1
Let i(y) = y - 2. Let x(v) = v**3 + 16*v**2 + 15*v + 24. Let w be x(-15). Suppose k + w = -5*k. Determine i(k).
-6
Suppose 0 = -f + 2*x + 5, -f + 14 = 3*x + 4. Let u(l) = -43 + l**3 - 8*l**2 + 115 - 41 - 38 + 9*l. Give u(f).
7
Let k(g) = -21 + 83*g + 72*g - 158*g. Calculate k(-7).
0
Let l be 1 + -30*(1 + 0). Let d = 23 + l. Let p(v) = -v + 3. Determine p(d).
9
Let